9
What are the prime factors of 300931?
300931
What are the prime factors of 14289940?
2, 5, 7, 102071
List the prime factors of 5324370.
2, 3, 5, 19, 9341
What are the prime factors of 133289?
13, 10253
What are the prime factors of 1495281?
3, 19, 37, 709
What are the prime factors of 631602?
2, 3, 35089
List the prime factors of 263549.
11, 13, 19, 97
List the prime factors of 77679.
3, 7, 137
List the prime factors of 412450.
2, 5, 73, 113
What are the prime factors of 2046105?
3, 5, 41, 1109
What are the prime factors of 18356991?
3, 17, 31, 683
What are the prime factors of 2048499?
3, 227611
List the prime factors of 20340477.
3, 251117
What are the prime factors of 22433733?
3, 7, 29, 4093
What are the prime factors of 654477?
3, 269, 811
What are the prime factors of 2212470?
2, 3, 5, 13, 31, 61
What are the prime factors of 4400109?
3, 7, 31, 751
List the prime factors of 380618.
2, 7, 31, 877
List the prime factors of 256140.
2, 3, 5, 1423
List the prime factors of 243482.
2, 53, 2297
List the prime factors of 562947.
3, 7, 11, 2437
What are the prime factors of 295660?
2, 5, 14783
What are the prime factors of 18408810?
2, 3, 5, 7, 1789
What are the prime factors of 17260096?
2, 7, 59, 653
List the prime factors of 55514.
2, 41, 677
What are the prime factors of 19809755?
5, 7, 29, 673
What are the prime factors of 139328?
2, 7, 311
What are the prime factors of 161975?
5, 11, 19, 31
List the prime factors of 23656981.
23656981
List the prime factors of 867202.
2, 7, 8849
List the prime factors of 1671607.
7, 238801
List the prime factors of 1176324.
2, 3, 61, 1607
What are the prime factors of 688728?
2, 3, 28697
List the prime factors of 19255822.
2, 151, 63761
What are the prime factors of 33064387?
109, 163, 1861
List the prime factors of 1006046.
2, 53, 9491
List the prime factors of 63393.
3, 11, 17, 113
What are the prime factors of 5380555?
5, 1076111
List the prime factors of 843893.
23, 36691
What are the prime factors of 22027?
22027
What are the prime factors of 130981?
130981
List the prime factors of 5036473.
13, 47, 8243
What are the prime factors of 1222779?
3, 197, 2069
List the prime factors of 590739.
3, 67, 2939
List the prime factors of 270002.
2, 127, 1063
List the prime factors of 53837.
7, 7691
List the prime factors of 386054.
2, 43, 67
What are the prime factors of 4258?
2, 2129
List the prime factors of 33115391.
199, 166409
List the prime factors of 779794.
2, 389897
What are the prime factors of 1551329?
13, 47, 2539
What are the prime factors of 1031522?
2, 515761
What are the prime factors of 544767?
3, 41, 43, 103
List the prime factors of 2141612.
2, 11, 48673
List the prime factors of 4186122.
2, 3, 697687
List the prime factors of 1547754.
2, 3, 13, 19843
What are the prime factors of 1214657?
1214657
List the prime factors of 15602930.
2, 5, 7, 137, 1627
What are the prime factors of 113625?
3, 5, 101
What are the prime factors of 1512261?
3, 168029
List the prime factors of 131530.
2, 5, 7, 1879
What are the prime factors of 19001674?
2, 9500837
What are the prime factors of 798700?
2, 5, 7, 163
What are the prime factors of 617099?
7, 199, 443
List the prime factors of 3947996.
2, 13, 23, 3301
What are the prime factors of 113510?
2, 5, 11351
What are the prime factors of 815542?
2, 7, 13, 4481
What are the prime factors of 2010557?
233, 8629
List the prime factors of 631498.
2, 7, 43, 1049
What are the prime factors of 165713?
165713
List the prime factors of 329988.
2, 3, 107, 257
What are the prime factors of 28328736?
2, 3, 491, 601
List the prime factors of 600590.
2, 5, 19, 29, 109
List the prime factors of 13829379.
3, 31, 37, 4019
What are the prime factors of 141815?
5, 113, 251
List the prime factors of 22973505.
3, 5, 1531567
What are the prime factors of 22020690?
2, 3, 5, 41, 17903
What are the prime factors of 795591?
3, 109, 811
List the prime factors of 4865311.
11, 19, 23279
List the prime factors of 310189.
11, 163, 173
List the prime factors of 486814.
2, 401, 607
What are the prime factors of 1367696?
2, 11, 19, 409
List the prime factors of 22307440.
2, 5, 278843
List the prime factors of 137332.
2, 13, 19, 139
List the prime factors of 1383686.
2, 691843
List the prime factors of 16499777.
7, 1103, 2137
What are the prime factors of 11038099?
37, 298327
List the prime factors of 3081335.
5, 17, 36251
List the prime factors of 7618.
2, 13, 293
What are the prime factors of 538783?
7, 19, 4051
List the prime factors of 1311708.
2, 3, 281, 389
What are the prime factors of 231837?
3, 77279
List the prime factors of 962124.
2, 3, 80177
What are the prime factors of 7986612?
2, 3, 19, 23, 1523
What are the prime factors of 1827358?
2, 13, 67, 1049
List the prime factors of 1146431.
11, 13, 8017
List the prime factors of 52423.
7, 7489
What are the prime factors of 5906935?
5, 61, 107, 181
List the prime factors of 211994.
2, 105997
List the prime factors of 538483.
11, 48953
What are the prime factors of 30389285?
5, 17, 61, 5861
List the prime factors of 338809.
37, 9157
List the prime factors of 39162555.
3, 5, 139, 2087
What are the prime factors of 6095137?
71, 85847
What are the prime factors of 36059031?
3, 709, 5651
List the prime factors of 96316.
2, 11, 199
List the prime factors of 320128.
2, 41, 61
List the prime factors of 1489756.
2, 23, 16193
What are the prime factors of 187785?
3, 5, 13, 107
What are the prime factors of 1071490?
2, 5, 7, 15307
What are the prime factors of 800607?
3, 23, 41, 283
List the prime factors of 534842.
2, 7, 11, 23, 151
List the prime factors of 282639.
3, 7, 43, 313
List the prime factors of 719748.
2, 3, 19993
List the prime factors of 187903.
41, 4583
List the prime factors of 1271823.
3, 7, 71, 853
List the prime factors of 1467768.
2, 3, 23, 2659
List the prime factors of 2263217.
11, 31, 6637
What are the prime factors of 166405?
5, 23, 1447
List the prime factors of 197722.
2, 7, 29, 487
List the prime factors of 2676388.
2, 11, 13, 4679
List the prime factors of 135585.
3, 5, 23, 131
What are the prime factors of 6121254?
2, 3, 67, 15227
List the prime factors of 334823.
191, 1753
What are the prime factors of 289294?
2, 19, 23, 331
List the prime factors of 9186002.
2, 7, 167, 3929
What are the prime factors of 5384089?
683, 7883
List the prime factors of 5578763.
5578763
What are the prime factors of 1051410?
2, 3, 5, 101, 347
List the prime factors of 2095997.
2095997
What are the prime factors of 3615226?
2, 61, 29633
List the prime factors of 69869.
109, 641
List the prime factors of 2577310.
2, 5, 257731
List the prime factors of 157841.
157841
What are the prime factors of 1209698?
2, 7, 71, 1217
What are the prime factors of 748705?
5, 137, 1093
What are the prime factors of 518631?
3, 172877
List the prime factors of 653541.
3, 7, 31121
List the prime factors of 20451820.
2, 5, 1022591
What are the prime factors of 1218405?
3, 5, 43, 1889
List the prime factors of 25460539.
13, 443, 4421
List the prime factors of 428705.
5, 179, 479
List the prime factors of 1313486.
2, 761, 863
List the prime factors of 14883794.
2, 7441897
What are the prime factors of 155942?
2, 103, 757
List the prime factors of 230062.
2, 7, 16433
What are the prime factors of 146314?
2, 7, 1493
What are the prime factors of 374759?
7, 11, 31, 157
What are the prime factors of 16582891?
13, 137, 9311
What are the prime factors of 23152203?
3, 19, 45131
What are the prime factors of 92113?
7, 13159
List the prime factors of 2321056.
2, 72533
What are the prime factors of 315099?
3, 157, 223
What are the prime factors of 213318?
2, 3, 7, 1693
List the prime factors of 237339.
3, 26371
What are the prime factors of 258071?
11, 29, 809
What are the prime factors of 9933126?
2, 3, 7, 236503
List the prime factors of 91431.
3, 10159
What are the prime factors of 125033?
97, 1289
What are the prime factors of 1455853?
7, 31, 6709
List the prime factors of 2088723.
3, 7, 13, 1093
List the prime factors of 531764.
2, 37, 3593
List the prime factors of 174574.
2, 191, 457
What are the prime factors of 219821?
7, 31, 1013
List the prime factors of 16496.
2, 1031
What are the prime factors of 730823?
730823
List the prime factors of 792214.
2, 396107
Li